{"id":828,"date":"2022-10-13T14:04:48","date_gmt":"2022-10-13T13:04:48","guid":{"rendered":"https:\/\/sigv.fr\/?page_id=828"},"modified":"2022-10-19T13:12:37","modified_gmt":"2022-10-19T12:12:37","slug":"mentions-legales","status":"publish","type":"page","link":"https:\/\/sigv.fr\/index.php\/mentions-legales\/","title":{"rendered":"Mentions L\u00e9gales"},"content":{"rendered":"\n<p>Conform\u00e9ment aux dispositions des articles 6-III et 19 de la Loi n\u00b0 2004-575 du 21 juin 2004 pour la Confiance dans l\u2019\u00e9conomie num\u00e9rique, dite L.C.E.N., nous portons \u00e0 la connaissance des utilisateurs et visiteurs du site : sigv.fr les informations suivantes :<\/p>\n\n\n\n<div style=\"height:30px\" aria-hidden=\"true\" class=\"wp-block-spacer\"><\/div>\n\n\n\n<p><strong>\u00c9DITEUR<\/strong><\/p>\n\n\n\n<p>Le site\u00a0<a rel=\"noreferrer noopener\" href=\"https:\/\/sigv.fr\/\" target=\"_blank\"><strong><span style=\"text-decoration: underline;\">https:\/\/sigv.fr\/<\/span><\/strong><\/a>\u00a0est la propri\u00e9t\u00e9 exclusive du\u00a0<strong>Syndicat Intercommunal Du Grand Vallat<\/strong>, qui l\u2019\u00e9dite.<\/p>\n\n\n\n<p><strong>Syndicat Intercommunal Du Grand Vallat (S.I.G.V)&nbsp;<\/strong>est un <strong>Syndicat intercommunal \u00e0 vocation multiple<\/strong> <strong>(S.I.V.O.M)<\/strong> qui fait partie de l&rsquo;administration publique.<\/p>\n\n\n\n<p><strong>4 Rue du Bouleau, 13 109 &#8211; Simiane-Collongue<\/strong><br>Immatriculation Siret :&nbsp;241 300 425 000 22<\/p>\n\n\n\n<p>Num\u00e9ro TVA intracommunautaire : FR84241300425<br>Adresse de courrier \u00e9lectronique :&nbsp;<strong>contact@sigv.fr<\/strong><\/p>\n\n\n\n<p>Directeur de la&nbsp; publication&nbsp;:&nbsp;<strong>Syndicat Intercommunal Du Grand Vallat<\/strong><br>Contactez le responsable de la publication :&nbsp;<strong>contact@sigv.fr<\/strong><\/p>\n\n\n\n<div style=\"height:30px\" aria-hidden=\"true\" class=\"wp-block-spacer\"><\/div>\n\n\n\n<p><strong>H\u00c9BERGEMENT<\/strong><\/p>\n\n\n\n<p>Le site est h\u00e9berg\u00e9&nbsp;par&nbsp;<strong>OVH SAS, 2 rue Kellermann &#8211; 59100 Roubaix &#8211; France<\/strong><\/p>\n","protected":false},"excerpt":{"rendered":"<p>Conform\u00e9ment aux dispositions des articles 6-III et 19 de la Loi n\u00b0 2004-575 du 21 juin 2004 pour la Confiance dans l\u2019\u00e9conomie num\u00e9rique, dite L.C.E.N., nous portons \u00e0 la connaissance des utilisateurs et visiteurs du site : sigv.fr les informations suivantes : \u00c9DITEUR Le site\u00a0https:\/\/sigv.fr\/\u00a0est [&hellip;]<\/p>\n","protected":false},"author":2,"featured_media":0,"parent":0,"menu_order":0,"comment_status":"closed","ping_status":"closed","template":"","meta":{"footnotes":""},"class_list":["post-828","page","type-page","status-publish","hentry","clearfix"],"yoast_head":"<!-- This site is optimized with the Yoast SEO plugin v23.0 - https:\/\/yoast.com\/wordpress\/plugins\/seo\/ -->\n<title>Mentions L\u00e9gales - SIGV<\/title>\n<meta name=\"robots\" content=\"index, follow, max-snippet:-1, max-image-preview:large, max-video-preview:-1\" \/>\n<link rel=\"canonical\" href=\"https:\/\/sigv.fr\/index.php\/mentions-legales\/\" \/>\n<meta property=\"og:locale\" content=\"fr_FR\" \/>\n<meta property=\"og:type\" content=\"article\" \/>\n<meta property=\"og:title\" content=\"Mentions L\u00e9gales - SIGV\" \/>\n<meta property=\"og:description\" content=\"Conform\u00e9ment aux dispositions des articles 6-III et 19 de la Loi n\u00b0 2004-575 du 21 juin 2004 pour la Confiance dans l\u2019\u00e9conomie num\u00e9rique, dite L.C.E.N., nous portons \u00e0 la connaissance des utilisateurs et visiteurs du site : sigv.fr les informations suivantes : \u00c9DITEUR Le site\u00a0https:\/\/sigv.fr\/\u00a0est [&hellip;]\" \/>\n<meta property=\"og:url\" content=\"https:\/\/sigv.fr\/index.php\/mentions-legales\/\" \/>\n<meta property=\"og:site_name\" content=\"SIGV\" \/>\n<meta property=\"article:modified_time\" content=\"2022-10-19T12:12:37+00:00\" \/>\n<meta name=\"twitter:card\" content=\"summary_large_image\" \/>\n<meta name=\"twitter:label1\" content=\"Dur\u00e9e de lecture estim\u00e9e\" \/>\n\t<meta name=\"twitter:data1\" content=\"1 minute\" \/>\n<script type=\"application\/ld+json\" class=\"yoast-schema-graph\">{\"@context\":\"https:\/\/schema.org\",\"@graph\":[{\"@type\":\"WebPage\",\"@id\":\"https:\/\/sigv.fr\/index.php\/mentions-legales\/\",\"url\":\"https:\/\/sigv.fr\/index.php\/mentions-legales\/\",\"name\":\"Mentions L\u00e9gales - SIGV\",\"isPartOf\":{\"@id\":\"https:\/\/sigv.fr\/#website\"},\"datePublished\":\"2022-10-13T13:04:48+00:00\",\"dateModified\":\"2022-10-19T12:12:37+00:00\",\"breadcrumb\":{\"@id\":\"https:\/\/sigv.fr\/index.php\/mentions-legales\/#breadcrumb\"},\"inLanguage\":\"fr-FR\",\"potentialAction\":[{\"@type\":\"ReadAction\",\"target\":[\"https:\/\/sigv.fr\/index.php\/mentions-legales\/\"]}]},{\"@type\":\"BreadcrumbList\",\"@id\":\"https:\/\/sigv.fr\/index.php\/mentions-legales\/#breadcrumb\",\"itemListElement\":[{\"@type\":\"ListItem\",\"position\":1,\"name\":\"Accueil\",\"item\":\"https:\/\/sigv.fr\/\"},{\"@type\":\"ListItem\",\"position\":2,\"name\":\"Mentions L\u00e9gales\"}]},{\"@type\":\"WebSite\",\"@id\":\"https:\/\/sigv.fr\/#website\",\"url\":\"https:\/\/sigv.fr\/\",\"name\":\"SIGV\",\"description\":\"Syndicat Intercommunal du Grand Vallat\",\"publisher\":{\"@id\":\"https:\/\/sigv.fr\/#organization\"},\"potentialAction\":[{\"@type\":\"SearchAction\",\"target\":{\"@type\":\"EntryPoint\",\"urlTemplate\":\"https:\/\/sigv.fr\/?s={search_term_string}\"},\"query-input\":\"required name=search_term_string\"}],\"inLanguage\":\"fr-FR\"},{\"@type\":\"Organization\",\"@id\":\"https:\/\/sigv.fr\/#organization\",\"name\":\"Syndicat Intercommunal Grand Vallat\",\"url\":\"https:\/\/sigv.fr\/\",\"logo\":{\"@type\":\"ImageObject\",\"inLanguage\":\"fr-FR\",\"@id\":\"https:\/\/sigv.fr\/#\/schema\/logo\/image\/\",\"url\":\"https:\/\/sigv.fr\/wp-content\/uploads\/2020\/12\/cropped-LOGO-Transparent-1.png\",\"contentUrl\":\"https:\/\/sigv.fr\/wp-content\/uploads\/2020\/12\/cropped-LOGO-Transparent-1.png\",\"width\":200,\"height\":84,\"caption\":\"Syndicat Intercommunal Grand Vallat\"},\"image\":{\"@id\":\"https:\/\/sigv.fr\/#\/schema\/logo\/image\/\"}}]}<\/script>\n<!-- \/ Yoast SEO plugin. -->","yoast_head_json":{"title":"Mentions L\u00e9gales - SIGV","robots":{"index":"index","follow":"follow","max-snippet":"max-snippet:-1","max-image-preview":"max-image-preview:large","max-video-preview":"max-video-preview:-1"},"canonical":"https:\/\/sigv.fr\/index.php\/mentions-legales\/","og_locale":"fr_FR","og_type":"article","og_title":"Mentions L\u00e9gales - SIGV","og_description":"Conform\u00e9ment aux dispositions des articles 6-III et 19 de la Loi n\u00b0 2004-575 du 21 juin 2004 pour la Confiance dans l\u2019\u00e9conomie num\u00e9rique, dite L.C.E.N., nous portons \u00e0 la connaissance des utilisateurs et visiteurs du site : sigv.fr les informations suivantes : \u00c9DITEUR Le site\u00a0https:\/\/sigv.fr\/\u00a0est [&hellip;]","og_url":"https:\/\/sigv.fr\/index.php\/mentions-legales\/","og_site_name":"SIGV","article_modified_time":"2022-10-19T12:12:37+00:00","twitter_card":"summary_large_image","twitter_misc":{"Dur\u00e9e de lecture estim\u00e9e":"1 minute"},"schema":{"@context":"https:\/\/schema.org","@graph":[{"@type":"WebPage","@id":"https:\/\/sigv.fr\/index.php\/mentions-legales\/","url":"https:\/\/sigv.fr\/index.php\/mentions-legales\/","name":"Mentions L\u00e9gales - SIGV","isPartOf":{"@id":"https:\/\/sigv.fr\/#website"},"datePublished":"2022-10-13T13:04:48+00:00","dateModified":"2022-10-19T12:12:37+00:00","breadcrumb":{"@id":"https:\/\/sigv.fr\/index.php\/mentions-legales\/#breadcrumb"},"inLanguage":"fr-FR","potentialAction":[{"@type":"ReadAction","target":["https:\/\/sigv.fr\/index.php\/mentions-legales\/"]}]},{"@type":"BreadcrumbList","@id":"https:\/\/sigv.fr\/index.php\/mentions-legales\/#breadcrumb","itemListElement":[{"@type":"ListItem","position":1,"name":"Accueil","item":"https:\/\/sigv.fr\/"},{"@type":"ListItem","position":2,"name":"Mentions L\u00e9gales"}]},{"@type":"WebSite","@id":"https:\/\/sigv.fr\/#website","url":"https:\/\/sigv.fr\/","name":"SIGV","description":"Syndicat Intercommunal du Grand Vallat","publisher":{"@id":"https:\/\/sigv.fr\/#organization"},"potentialAction":[{"@type":"SearchAction","target":{"@type":"EntryPoint","urlTemplate":"https:\/\/sigv.fr\/?s={search_term_string}"},"query-input":"required name=search_term_string"}],"inLanguage":"fr-FR"},{"@type":"Organization","@id":"https:\/\/sigv.fr\/#organization","name":"Syndicat Intercommunal Grand Vallat","url":"https:\/\/sigv.fr\/","logo":{"@type":"ImageObject","inLanguage":"fr-FR","@id":"https:\/\/sigv.fr\/#\/schema\/logo\/image\/","url":"https:\/\/sigv.fr\/wp-content\/uploads\/2020\/12\/cropped-LOGO-Transparent-1.png","contentUrl":"https:\/\/sigv.fr\/wp-content\/uploads\/2020\/12\/cropped-LOGO-Transparent-1.png","width":200,"height":84,"caption":"Syndicat Intercommunal Grand Vallat"},"image":{"@id":"https:\/\/sigv.fr\/#\/schema\/logo\/image\/"}}]}},"_links":{"self":[{"href":"https:\/\/sigv.fr\/index.php\/wp-json\/wp\/v2\/pages\/828","targetHints":{"allow":["GET"]}}],"collection":[{"href":"https:\/\/sigv.fr\/index.php\/wp-json\/wp\/v2\/pages"}],"about":[{"href":"https:\/\/sigv.fr\/index.php\/wp-json\/wp\/v2\/types\/page"}],"author":[{"embeddable":true,"href":"https:\/\/sigv.fr\/index.php\/wp-json\/wp\/v2\/users\/2"}],"replies":[{"embeddable":true,"href":"https:\/\/sigv.fr\/index.php\/wp-json\/wp\/v2\/comments?post=828"}],"version-history":[{"count":6,"href":"https:\/\/sigv.fr\/index.php\/wp-json\/wp\/v2\/pages\/828\/revisions"}],"predecessor-version":[{"id":846,"href":"https:\/\/sigv.fr\/index.php\/wp-json\/wp\/v2\/pages\/828\/revisions\/846"}],"wp:attachment":[{"href":"https:\/\/sigv.fr\/index.php\/wp-json\/wp\/v2\/media?parent=828"}],"curies":[{"name":"wp","href":"https:\/\/api.w.org\/{rel}","templated":true}]}}

Mentions Légales

<p>Conformément aux dispositions des articles 6-III et 19 de la Loi n° 2004-575 du 21 juin 2004 pour la Confiance dans l’économie numérique, dite L.C.E.N., nous portons à la connaissance des utilisateurs et visiteurs du site : sigv.fr les informations suivantes :</p>



<div style="height:30px" aria-hidden="true" class="wp-block-spacer"></div>



<p><strong>ÉDITEUR</strong></p>



<p>Le site <a rel="noreferrer noopener" href="https://sigv.fr/" target="_blank"><strong><span style="text-decoration: underline;">https://sigv.fr/</span></strong></a> est la propriété exclusive du <strong>Syndicat Intercommunal Du Grand Vallat</strong>, qui l’édite.</p>



<p><strong>Syndicat Intercommunal Du Grand Vallat (S.I.G.V)&nbsp;</strong>est un <strong>Syndicat intercommunal à vocation multiple</strong> <strong>(S.I.V.O.M)</strong> qui fait partie de l&rsquo;administration publique.</p>



<p><strong>4 Rue du Bouleau, 13 109 &#8211; Simiane-Collongue</strong><br>Immatriculation Siret :&nbsp;241 300 425 000 22</p>



<p>Numéro TVA intracommunautaire : FR84241300425<br>Adresse de courrier électronique :&nbsp;<strong>contact@sigv.fr</strong></p>



<p>Directeur de la&nbsp; publication&nbsp;:&nbsp;<strong>Syndicat Intercommunal Du Grand Vallat</strong><br>Contactez le responsable de la publication :&nbsp;<strong>contact@sigv.fr</strong></p>



<div style="height:30px" aria-hidden="true" class="wp-block-spacer"></div>



<p><strong>HÉBERGEMENT</strong></p>



<p>Le site est hébergé&nbsp;par&nbsp;<strong>OVH SAS, 2 rue Kellermann &#8211; 59100 Roubaix &#8211; France</strong></p>

<p>Conformément aux dispositions des articles 6-III et 19 de la Loi n° 2004-575 du 21 juin 2004 pour la Confiance dans l’économie numérique, dite L.C.E.N., nous portons à la connaissance des utilisateurs et visiteurs du site : sigv.fr les informations suivantes : ÉDITEUR Le site https://sigv.fr/ est [&hellip;]</p>

<!-- This site is optimized with the Yoast SEO plugin v23.0 - https://yoast.com/wordpress/plugins/seo/ -->
<title>Mentions Légales - SIGV</title>
<meta name="robots" content="index, follow, max-snippet:-1, max-image-preview:large, max-video-preview:-1" />
<link rel="canonical" href="https://sigv.fr/index.php/mentions-legales/" />
<meta property="og:locale" content="fr_FR" />
<meta property="og:type" content="article" />
<meta property="og:title" content="Mentions Légales - SIGV" />
<meta property="og:description" content="Conformément aux dispositions des articles 6-III et 19 de la Loi n° 2004-575 du 21 juin 2004 pour la Confiance dans l’économie numérique, dite L.C.E.N., nous portons à la connaissance des utilisateurs et visiteurs du site : sigv.fr les informations suivantes : ÉDITEUR Le site https://sigv.fr/ est [&hellip;]" />
<meta property="og:url" content="https://sigv.fr/index.php/mentions-legales/" />
<meta property="og:site_name" content="SIGV" />
<meta property="article:modified_time" content="2022-10-19T12:12:37+00:00" />
<meta name="twitter:card" content="summary_large_image" />
<meta name="twitter:label1" content="Durée de lecture estimée" />
	<meta name="twitter:data1" content="1 minute" />
<script type="application/ld+json" class="yoast-schema-graph">{"@context":"https://schema.org","@graph":[{"@type":"WebPage","@id":"https://sigv.fr/index.php/mentions-legales/","url":"https://sigv.fr/index.php/mentions-legales/","name":"Mentions Légales - SIGV","isPartOf":{"@id":"https://sigv.fr/#website"},"datePublished":"2022-10-13T13:04:48+00:00","dateModified":"2022-10-19T12:12:37+00:00","breadcrumb":{"@id":"https://sigv.fr/index.php/mentions-legales/#breadcrumb"},"inLanguage":"fr-FR","potentialAction":[{"@type":"ReadAction","target":["https://sigv.fr/index.php/mentions-legales/"]}]},{"@type":"BreadcrumbList","@id":"https://sigv.fr/index.php/mentions-legales/#breadcrumb","itemListElement":[{"@type":"ListItem","position":1,"name":"Accueil","item":"https://sigv.fr/"},{"@type":"ListItem","position":2,"name":"Mentions Légales"}]},{"@type":"WebSite","@id":"https://sigv.fr/#website","url":"https://sigv.fr/","name":"SIGV","description":"Syndicat Intercommunal du Grand Vallat","publisher":{"@id":"https://sigv.fr/#organization"},"potentialAction":[{"@type":"SearchAction","target":{"@type":"EntryPoint","urlTemplate":"https://sigv.fr/?s={search_term_string}"},"query-input":"required name=search_term_string"}],"inLanguage":"fr-FR"},{"@type":"Organization","@id":"https://sigv.fr/#organization","name":"Syndicat Intercommunal Grand Vallat","url":"https://sigv.fr/","logo":{"@type":"ImageObject","inLanguage":"fr-FR","@id":"https://sigv.fr/#/schema/logo/image/","url":"https://sigv.fr/wp-content/uploads/2020/12/cropped-LOGO-Transparent-1.png","contentUrl":"https://sigv.fr/wp-content/uploads/2020/12/cropped-LOGO-Transparent-1.png","width":200,"height":84,"caption":"Syndicat Intercommunal Grand Vallat"},"image":{"@id":"https://sigv.fr/#/schema/logo/image/"}}]}</script>
<!-- / Yoast SEO plugin. -->

Mentions Légales - SIGV

Conformément aux dispositions des articles 6-III et 19 de la Loi n° 2004-575 du 21 juin 2004 pour la Confiance dans l’économie numérique, dite L.C.E.N., nous portons à la connaissance des utilisateurs et visiteurs du site : sigv.fr les informations suivantes : ÉDITEUR Le site https://sigv.fr/ est [&hellip;]
